nd z?
5
Suppose 2*d = -2*i - 47 - 157, 0 = 3*i - 9. Let m = d + 131. What is the highest common divisor of 208 and m?
26
Let h be (35 + -2)*(-4)/(-6). Let j(l) = l**3 - 2*l**2 - 12*l - 10. Let n be j(5). Suppose n*c + 8*c = 572. Calculate the greatest common divisor of c and h.
22
Let i(f) = -7*f - 79. Let m be -27 + (-4 - (1 - 5)). Let u be i(m). What is the greatest common divisor of u and 22?
22
Let i be 4/(-18) - 634/(-18). Suppose -p = 2*w - 14, 4*w = -5*p + i + 35. What is the greatest common divisor of p and 154?
14
Let z(u) be the first derivative of -5*u**2/2 - 19*u - 29. Let s be z(-9). Calculate the greatest common factor of s and 182.
26
Let g(v) = -3*v**2 + 19*v + 2123. Let c be g(0). What is the highest common factor of 11 and c?
11
Let v be (-1600)/240*(1 - 19). Let b(s) = -9*s + 2. Let l be b(-2). Calculate the greatest common divisor of l and v.
20
Let t(w) = -w + 21. Suppose -3*p = -2*g - 30, 2*p + 3*g - 52 + 19 = 0. Let c be t(p). Calculate the highest common factor of c and 45.
9
Suppose 41*a - 46*a + 800 = 0. Calculate the highest common factor of a and 64.
32
Suppose -5*z - r = -0*r + 10, z + r - 2 = 0. Suppose -2*i - i + 12 = 0. Let m = z + i. What is the greatest common divisor of 7 and m?
1
Suppose 102*m = 90*m + 108. Calculate the greatest common factor of 441 and m.
9
Suppose 4*u - 24 = 4*o, 0 = 3*u - o + 4*o - 24. Suppose -10*i = -6*i - 56. What is the highest common divisor of i and u?
7
Suppose v + 4*v + 25 = 0, 4*m = -v + 111. Let a be 57/((-9)/(-3))*-1. Let w = m + a. Calculate the greatest common factor of 90 and w.
10
Suppose -2*x = -22 + 8. What is the highest common divisor of 287 and x?
7
Let o be (1*-1)/(4/(-16)). Suppose -2*k + o*k = 0. Let q = 8 + k. What is the highest common factor of q and 56?
8
Suppose 9*c + 20*f = 19*f + 817, 2*c - 180 = -f. What is the greatest common divisor of 1638 and c?
91
Let d(x) = 47*x**3 - 3*x**2 - 3*x + 5. Let g be d(1). What is the highest common factor of g and 161?
23
Let s = 39 - 25. Let k be (0/(-13))/(1*-1) + 14. What is the highest common divisor of s and k?
14
Suppose -2 = -3*u + 3*q + 4, 5*u + 5*q - 40 = 0. Let r be (-5 - 1)*16/(-6)*-1. Let n be 1256/28 - (r/14 - -1). Calculate the highest common divisor of u and n.
5
Let f(p) = -11*p - 4. Let z be f(-6). What is the greatest common factor of z and 248?
62
Suppose 9*z = 4*z. Suppose -5*d = -d + 2*s - 8, -4*d + 2*s + 8 = z. Suppose -d*a - 2*v = -46, -v - v + 19 = a. What is the highest common divisor of a and 54?
27
Let y(x) = x**3 - 15*x**2 + 27*x + 32. Let c be y(13). Calculate the greatest common factor of c and 18.
9
Let w be (0*(-4)/20)/2. Suppose -d - 1 = 5*v, d - 3*d - v + 43 = w. Let o be 32/12*27/2. What is the highest common factor of o and d?
12
Suppose 4*d - 119 - 71 = -3*u, 0 = 4*d - 3*u - 202. Calculate the greatest common divisor of 28 and d.
7
Let f = 16 + -9. Let d be f*(17/(-7) - -3). Let v(c) = -c**2 - 13*c - 32. Let i be v(-7). Calculate the highest common divisor of i and d.
2
Suppose 3*y - o + 3*o - 25 = 0, 3*y + 3*o - 30 = 0. Suppose 0 = 2*l - 5*z - 100, 5*l - 4*z - z = 265. What is the greatest common factor of l and y?
5
Suppose 0 = 7*n - 2*n - 10. Suppose -n*d + 20 = -7*d. Let h = d + 5. What is the greatest common factor of h and 7?
1
Let z be 3/(1 + -2) + 7. Let j be (-1)/((-5)/15) + (1 - -7). Suppose -58 - 74 = -j*h. Calculate the highest common divisor of h and z.
4
Let r be 116/(-36) + (-2)/(-9). Let k be (1 + 4)/((-3)/r). What is the highest common divisor of k and 35?
5
Let n be (-9640)/(-480) + 4/(-48). Calculate the greatest common divisor of n and 18.
2
Let s be (6/4)/((-6)/(-8)). Suppose 0 = -2*b - 3 + 9. Suppose -7 = -4*r + 3*r - j, -r + 3*j + b = 0. Calculate the highest common divisor of s and r.
2
Let f = 14 - 8. Let z = -65 - -68. Suppose 5*w - 13 = z*h, -3*h - f + 3 = -3*w. What is the greatest common divisor of 20 and w?
5
Let s be 42/18 + (1 - (-8)/(-6)). Let f be (4 + -5 + s + 263)*1. Calculate the highest common divisor of f and 33.
33
Let m(c) = c**2 - 12*c + 52. Let s be m(12). What is the highest common divisor of 39 and s?
13
Suppose 4*u - 2*i = 270 - 48, -u = -3*i - 53. Let k(t) = t**3 + 3*t**2 - 6*t. Let f be k(7). Calculate the highest common divisor of f and u.
56
Let r(j) = j**3 + j. Let t(b) = 4*b**2 + 2. Suppose -3*s + 2 = -s. Let v(a) = s*t(a) + r(a). Let z be v(-3). Calculate the greatest common factor of z and 2.
2
Let l = -100 - -140. Let n(z) = 9*z - 12. Let t(x) = -x + 2. Let y be t(-6). Let m be n(y). What is the highest common factor of m and l?
20
Let l(g) = -18*g - 43. Let d be l(-3). Let b = 2 - -53. What is the greatest common factor of d and b?
11
Let s(o) = 20*o**2 + 4. Let g be s(-2). Calculate the highest common factor of 196 and g.
28
Suppose 5*w + 29 = 89. Suppose 3*p - 2*p + 114 = 0. Let a = -66 - p. Calculate the greatest common factor of a and w.
12
Let y = 3 + -3. Let d = 1 - y. Let a be 1 + 4 + (d - -1). What is the highest common divisor of a and 7?
7
Let q = 26 + -5. Let h(w) = -32*w + 163. Let m be h(5). What is the greatest common factor of m and q?
3
Suppose 3*r + 5*d = 125, -4*d + 245 = 5*r - 3*d. Let g be (-2 + 1 - -3)*10. Calculate the greatest common factor of r and g.
10
Suppose -149 = -4*b - 21. Let f = 269 - 109. What is the greatest common divisor of b and f?
32
Suppose -4*q - 33 - 12 = 5*w, 0 = -5*q + 5*w. Let s be (4/q)/(7/(-630)). Suppose 10 = 2*t - 38. What is the highest common divisor of t and s?
24
Let g(x) = -x - 6. Let l be g(-3). Let f = 3 + l. Suppose z = -4*h - f*h + 103, 5*z = 15. What is the highest common divisor of 5 and h?
5
Let w(m) = -2*m**3 + 7*m**2 + 6*m + 8. Let i be w(-4). Calculate the highest common factor of 28 and i.
28
Suppose 4*j = 4*i - 165 + 957, 3*j - 618 = -3*i. Let n be (-2)/(-9) + (-228)/54 + j. What is the greatest common factor of 18 and n?
18
Let c(l) = 2*l**3 + 22*l**2 + 2*l + 50. Let t be c(-11). Suppose 3*u - 5*r + 13 = 0, -4*u + 18 = 4*r - 18. What is the highest common factor of u and t?
4
Let w(p) = -75*p**2 + 3*p - 12. Let l be w(4). Let y be (3/(30/(-4)))/(20/l). Calculate the greatest common factor of y and 24.
24
Suppose -2*y + 24 = n, 20 = -4*n + 5*n + 3*y. Let u be (0 - -1) + (-158)/(-2). What is the greatest common divisor of n and u?
16
Let q(b) = -4*b**3 + 28*b**2 - 6*b + 43. Let j be q(7). What is the greatest common divisor of 11 and j?
1
Let o be (-9745)/(-55) + (-6)/33 - -3. What is the highest common factor of o and 24?
12
Let g be 25 - (2 - (1 - 0)). Let i = g + -18. Suppose -20 = -8*y + i*y. Calculate the highest common divisor of y and 40.
10
Let u be ((-49)/14)/(2/(-8) + 0). Suppose u = 4*j - 6. What is the greatest common divisor of j and 25?
5
Let c be 72/15*10/(-3). Let r = 23 + c. Suppose -5*v + 90 = -50. What is the highest common divisor of v and r?
7
Let l be -2 + (-3 - -4 - 1). Let f be 152 + (4 + l)*-1. Suppose 130 + f = 4*v. Calculate the greatest common divisor of v and 14.
14
Let q = 59 + -61. Let m be (q*1 + 5)*372/18. What is the highest common divisor of 155 and m?
31
Let h = 405 + -397. What is the greatest common factor of h and 232?
8
Let v = 121 + -113. Let b be -8*v*(18 - 19). What is the highest common factor of b and 48?
16
Let p(g) = -3*g - 22. Let j be p(-8). Suppose 0*d + j*d - 2 = 4*b, -4*d = b - 49. What is the highest common divisor of 1 and d?
1
Let w be 1 - (4 - (-276)/(-4)). Let d = -37 + w. Calculate the greatest common factor of d and 58.
29
Suppose 0 = -10*h - 588 - 522. Let b = h + 115. Calculate the greatest common divisor of 44 and b.
4
Suppose 0*w + 4*w + 2*a + 274 = 0, w + 86 = -4*a. Let f = 135 + w. Let v(m) = -m**2 + 12*m - 12. Let b be v(5). Calculate the highest common divisor of f and b.
23
Suppose 0 = 2*u - 542 - 232. Calculate the highest common divisor of u and 27.
9
Let p(l) = -2*l**3 - 4*l**2 - 3*l + 4. Let u = 22 - 6. Let v = 12 - u. Let r be p(v). Calculate the greatest common factor of 16 and r.
16
Suppose 142 = -m - 5*z - 98, 20 = -5*z. Suppose 3*c + 2 = 2*c. Let x be (m/30)/(c/18). What is the greatest common divisor of 44 and x?
22
Let g = 45 - 25. Suppose 3*i - g = 7. Suppose 4*t = i*t - 130. What is the greatest common factor of 52 and t?
26
Suppose i - 160 = -i. Suppose -2*v = 2*v - i. Calculate the 